- 24. Let h = -2 + t. What is the greatest common divisor of h and s?
1
Let f(k) = 3*k**2 + 23*k - 32. Let i be f(-9). Suppose -4*g = -109 - 35. What is the highest common factor of g and i?
4
Suppose 2*c - 191 = -15. Let t = 19 + -11. What is the highest common divisor of t and c?
8
Suppose -3*k - 372 = -4*t, 3*t + k - 313 = -47. Calculate the highest common divisor of 300 and t.
30
Let o be 2/(-9) + (-34)/(-153). Suppose q + 2*f - 47 - 14 = o, -3*q + 188 = f. What is the greatest common divisor of 42 and q?
21
Let r = 193 - 6. Calculate the greatest common factor of r and 11.
11
Let a be 16 + (-1)/1 + 3. Let k = a - 0. Calculate the greatest common factor of k and 27.
9
Suppose 2785*u = 2789*u - 16. Suppose 5*i = -4*q + 159, 2*i - i + 69 = 2*q. Calculate the greatest common factor of q and u.
4
Let a = 138 - 128. Suppose -6*i = -i - a. What is the highest common divisor of 34 and i?
2
Let i be (-209 - 1)/((-33)/22). Let t(f) = -f**3 + 9*f**2 + 13*f - 10. Let c be t(10). Calculate the greatest common divisor of c and i.
20
Let d be 18/30 + 35/25. Calculate the highest common factor of d and 76.
2
Let j(r) = -r**2 - 7*r + 11. Let b be j(-8). Suppose -b*f = 2 - 35. Calculate the greatest common divisor of 33 and f.
11
Let n be (-2)/(-7) - (0 - 156/42). Calculate the highest common divisor of n and 92.
4
Let d(n) = 2*n**2 + 2*n + 3. Let s be d(3). Let a = 91 - 64. Calculate the greatest common factor of a and s.
27
Let x(m) = 3*m + 72. Let t be x(21). Calculate the highest common divisor of t and 216.
27
Let a = -696 - -711. Suppose 3*z + 2*z = 250. Calculate the highest common divisor of a and z.
5
Let q(l) = -3*l**3 - l**2 + 2*l + 1. Let y be q(-2). Suppose p = -x + 47, 4*p - 253 + 41 = 2*x. What is the highest common factor of y and p?
17
Let t = -34 + 53. Suppose 32 = 2*h + 2*v + 6, 3*h = v + t. Let n be -1 + (11 + -2)/1. Calculate the greatest common divisor of h and n.
8
Let p(c) = c**3 + 12*c**2 - 4*c + 20. Let l be p(-11). Calculate the highest common factor of l and 74.
37
Let r(m) = -13*m**3 - m**2 - m - 1. Let q be r(-1). Let l(f) = f**2 - 8*f. Let w be l(-6). What is the highest common factor of q and w?
12
Let r = -60 + 84. Let b be 16 + (105/(-14))/15*-16. Calculate the highest common divisor of b and r.
24
Suppose -2336 = -6*j + 100. Calculate the greatest common factor of 42 and j.
14
Let k be 4/(-16) + 306/8. Suppose 2*a = -4 + k. Let h be -1*1 + (-360)/(-3). Calculate the greatest common divisor of a and h.
17
Let p(b) = -5*b - 5. Let o be p(-3). Let x be 0 + ((-84)/o)/(5/(-25)). Calculate the greatest common factor of 6 and x.
6
Let j(a) = 4*a - 33. Let l be j(27). What is the greatest common factor of 250 and l?
25
Let r(g) = g. Let j(d) = d - 19. Let s(c) = j(c) + 3*r(c). Let m be s(6). What is the greatest common divisor of 10 and m?
5
Let j be ((-112)/(-20))/((-4)/(-10)). Let s be (-282)/(-4) + 1/(-2). Let b = s + -49. What is the greatest common divisor of j and b?
7
Let b be (78/15)/(1/65). What is the highest common divisor of 26 and b?
26
Let q(s) = 1. Let l(o) = -4*o**2 + 2*o - 4. Let g(y) = -l(y) - 5*q(y). Let r be g(-1). What is the greatest common factor of r and 5?
5
Suppose 0 = -22*s + 33*s - 1980. What is the greatest common factor of s and 50?
10
Let f(v) = -3*v**3 + 108*v**2 + 3*v - 41. Let z be f(36). Calculate the highest common divisor of 3953 and z.
67
Suppose 16 = -4*u - 24. Let l be (-103)/(-5) + (-4)/u. Calculate the highest common divisor of l and 7.
7
Suppose -6*f - 96 = -8*f. Suppose -7*g = -2*g. Let w(d) = -d + 12. Let u be w(g). What is the highest common divisor of u and f?
12
Let s(j) = -23*j - 14. Let d be s(-2). Suppose -l - l - 24 = 0. Let k = l + d. What is the greatest common factor of k and 10?
10
Suppose 2*q = 2*v - 28, 2*q - 15 = -v + 5. Suppose -6*o = -5*o - 2*m - v, -4*m + 94 = 5*o. Calculate the greatest common factor of 72 and o.
18
Suppose 0*o + 5*q + 38 = 2*o, 3*o = 5*q + 47. Suppose -18 = 3*i - 48. Suppose 0 = -i*h + 10 - 0. What is the greatest common factor of o and h?
1
Let r(y) = 17*y**2 - y + 2*y - 6*y + 2. Let h be r(3). Suppose 1671 = 29*w + 67*w - 3705. Calculate the highest common divisor of w and h.
28
Suppose 3*j - 774 = -246. Suppose -4*i = 4*v - j, 0 = -v + 5. What is the greatest common factor of 117 and i?
39
Let u = 128 - 90. Let v = 40 - u. What is the greatest common divisor of 14 and v?
2
Let p = -356 + 707. What is the highest common divisor of 13 and p?
13
Let a(i) = i**3 - 12*i**2 - 6*i - 14. Let q be a(13). Let w = -58 + q. What is the highest common factor of w and 19?
19
Suppose 5 = 3*w - 16. Let d = w + -2. Suppose -h = d*h - 720. Calculate the greatest common factor of h and 12.
12
Let j = 14290 + -14030. Let u = -49 - -69. Calculate the greatest common divisor of j and u.
20
Suppose 5*w - 214 = 2*l, 4*w = 3*w - 2*l + 38. Suppose 0 = 2*u - 5*u + 42. Calculate the greatest common factor of u and w.
14
Let y(t) = -2*t - 8. Let k be y(-5). Suppose 0 = 5*r - k*r - 9. Suppose 0 = -r*x - 9, 2*x = 2*z - 0*x - 132. What is the greatest common divisor of 7 and z?
7
Suppose 2*u - 6*u - 12 = 0. Let c be (18/(-2))/(u/4). What is the greatest common factor of 9 and c?
3
Let b(m) = -3*m + 10. Let k be b(8). Let z be k*((2 - 3) + 0). Let u = 6 - -8. Calculate the greatest common divisor of u and z.
14
Let c be (1/(-2))/((-7)/1064). Let q = c - 32. Let v = q + -34. What is the greatest common divisor of v and 110?
10
Suppose 0 = 5*f - 4*r - 330, 264 = 4*f + 3*r - 6*r. Calculate the highest common divisor of f and 726.
66
Let p = -1210 + 1215. What is the highest common factor of 835 and p?
5
Suppose -3*d + 3*l = -102, d - 35*l - 22 = -30*l. What is the highest common divisor of d and 3589?
37
Let v = 2418 - 2408. Suppose 358 + 22 = 2*x. What is the greatest common factor of v and x?
10
Let b = 78 + 186. Let z(k) = -k**3 - 3*k**2 - k + 4. Let i be z(-4). What is the highest common divisor of b and i?
24
Suppose 5*m - 266 = -4*n, 2*m + 3*n + 6 = 118. What is the greatest common factor of 175 and m?
25
Let m be (-1)/((-20)/235)*4. What is the highest common factor of m and 658?
47
Suppose -3*n = -16 + 4, -x - 4*n = -20. Let h = 21 - 17. Suppose s = -3*j - j + 42, -h*s = -2*j + 12. Calculate the greatest common factor of j and x.
2
Let y(c) = c**2 - 9*c + 5. Let o be y(9). Suppose -2*r + 0*r - l + o = 0, 0 = -5*r - 5*l. What is the highest common factor of r and 40?
5
Let a = -432 - -479. What is the greatest common factor of a and 2303?
47
Suppose 0 = 14*g - 281 + 85. Calculate the highest common divisor of g and 994.
14
Let j(z) = 10 - z + 14 + 7 - 14. Let d be j(14). Let t(r) = -8*r - 5. Let p be t(-4). Calculate the highest common factor of d and p.
3
Suppose -4*k = -3*q + 252, -99*q + 2*k = -95*q - 336. Calculate the greatest common factor of q and 189.
21
Let f = -46 - -66. Let r(u) = 10 + 2*u**2 + 5*u**2 - 6*u**3 + 5*u**3. Let p be r(7). What is the greatest common divisor of p and f?
10
Let v = -258 - -282. What is the greatest common factor of 432 and v?
24
Let f be 1/2*(0 - 2)*-720. Calculate the greatest common divisor of f and 9.
9
Suppose 93 - 14 = 3*w - i, -w - 4*i + 9 = 0. Calculate the greatest common divisor of 400 and w.
25
Let q(o) = 11*o + 13. Let g be q(-10). Let n = 136 + g. Let p = n - 17. Calculate the highest common factor of p and 55.
11
Let q = -361 - -156. Let a = 309 + q. What is the greatest common divisor of 13 and a?
13
Let c(h) = -14*h + 10*h + 20 + 5*h. Let v be c(0). Calculate the greatest common divisor of v and 12.
4
Let h be (60/3)/(3/36). Suppose -4*o + h = o. What is the highest common divisor of o and 6?
6
Let k(j) be the first derivative of -j + 0*j**2 + 154/3*j**3 + 10. Let q be k(1). What is the highest common factor of q and 17?
17
Let r(k) = k**2 - 9*k + 3. Let d be r(9). Suppose -36 = d*t - 5*t. Suppose 5*b + a - 40 = 6*a, -2*b + 15 = -3*a. What is the greatest common factor of b and t?
9
Let m = -34 - -14. Let q be ((-18)/5)/1*m/6. Calculate the greatest common divisor of q and 132.
12
Let w = -518 - -562. What is the greatest common divisor of 748 and w?
44
Suppose 0 = -z - 0*z + 2*c + 7, -4*z + 4*c = -16. Let y be (z + 27/(-15))/((-2)/5). Calculate the greatest common factor of y and 5.
1
Suppose 0 = m - 3*m - 54. Let g 